he value of -38 - (-9 + (-3 - 10) + (124 - 110))?
-30
Calculate -39 - ((21 - -27 - 17) + -15).
-55
Calculate 38 + (494 - 490 - (-2 + -2)).
46
(-246 - -210) + (94 - 4)
54
What is -27 - -3 - (-356 + 371)?
-39
What is -18 + -1 - (29 + -44 + 13)?
-17
What is 37 + (-4 - -12 - 17 - ((0 - 6) + 3))?
31
What is -41 + (21 - (-22 + 59))?
-57
What is the value of -58 + (14 - -15) + 9 - -123?
103
What is (134 - 164) + (20 - 11) + -58?
-79
Evaluate (6 - (10 + -6) - 6) + 6 - (-34 + 9).
27
What is (38 - (13 + 3) - 17) + 19?
24
Evaluate 93 + (-212 - -113) - (-2 + -10).
6
What is (-5 - -21) + (-6 - 1) + 5 - -27?
41
Evaluate (75 - (-4 + 3)) + -1 + (150 + -15 - 138).
72
What is the value of (20 - -1) + (1823 - 1864)?
-20
Calculate (-1 - (12 - 1)) + 5280 + -5266.
2
Calculate 3 - 10 - (1 - (-38 - -69)).
23
Evaluate (26 - 19) + -8 - (13 + (-110 - -8)).
88
-175 + 189 - (32 - 1) - (57 + -24)
-50
2 - -41 - (1 + -1 - (-36 + (-24 - -70)))
53
Evaluate -4 + 78 + (14 + (-37 - -16) - 10).
57
Calculate 134 - 193 - (9 + -21).
-47
Calculate 35 + 21 + 23 + -70.
9
What is the value of -10 + 40 + 183 + -188?
25
Calculate -43 - -23 - -6 - (-28 + 2).
12
-24 + 7 + (8 - ((-12 - 15) + 13))
5
-76 + -45 + 245 + 0 + -34
90
Evaluate (140 - 63) + -141 + 37.
-27
What is -30 - ((-1 - 5 - 0) + (-39 - (-66 - -30)))?
-21
What is the value of -1 + -37 + (-1051 - -1144)?
55
What is -100 + -114 + 244 - (-1 + -7 + 1 - 1)?
38
What is the value of 375 + -374 + (1 - -5) + (-2 - -13)?
18
What is 40 - (-56 + 76 + -5)?
25
What is the value of -71 - (97 - (129 + 108))?
69
What is the value of (108 - -12) + -282 + 155?
-7
What is 114 + (-3 - -1) - 69?
43
(-1 - 0 - 30) + (-1011 - -1041)
-1
Calculate 2 + (-20 - -3) - (33 + -30) - (8 - 13).
-13
What is 98 + (-5 + -5 - 11) + 2?
79
What is the value of -6 - (-3 + -17) - (1 + 10)?
3
What is the value of (0 - -6 - (-20 + 3 + 30)) + -7?
-14
Evaluate -2 - ((17 - (38 + -4)) + 66 + 10).
-61
-29 - (124 - 24) - -35
-94
What is -25 + 23 + 0 + (-2 - (-3 - (14 + -1)))?
12
Calculate (52 - (4 + 84)) + -9.
-45
What is the value of -75 + -48 + (-3 - -94)?
-32
Calculate -7 - (-11 + (-14 + 3 - -1) + 25).
-11
Calculate -1 + (45 - -5) - 52.
-3
-17 - (-73 + 9 + 19)
28
89 + 5 + (-7 + (-11 - -26) - 29)
73
Evaluate 31 + -15 + -4 + 2.
14
Calculate (-1 - 1 - (-31 - -34)) + (-24 - (-1 - -1)).
-29
What is 7 - (-13 + 17) - (-12 + -61 + 6 - 0)?
70
What is (-91 - 1) + (-3 - -203)?
108
Evaluate -222 - -210 - (-1 + -25) - (4 - -1) - 107.
-98
What is (-354 + 349 - (-1 + -48)) + -1 + 15?
58
9 + -25 + (7 - -23) + 5 + 30
49
What is the value of -13 + (12 - ((-20 - -5) + 16) - 70)?
-72
What is the value of 131 + (136 + -148 - (-1 + -5) - -7 - 16)?
116
-33 + (53 - 23) + -82
-85
Evaluate -30 + 32 + (0 - 9) + 37.
30
Evaluate 2 + 44 + -139 - -70.
-23
Evaluate -6 + 32 + -2 + 120 + -139 + (-3 - -122).
124
Evaluate -21 - (10 - -40) - (-11 + 19 + -16).
-63
What is the value of -92 + 0 + 6739 + -6610?
37
-26 + 6 - 5 - -53 - 0
28
Evaluate 5 + 0 - (-1190 - -1128 - (-4 - (-3 + -2))).
68
What is the value of 3 + 7 + (11 - (0 - 0)) + 163 + -119?
65
What is (-17 - 6) + 38 - ((-4 - 84) + 10)?
93
Evaluate -16 - (6 - (8 - -10)).
-4
Calculate -15 - (17 - (42 + (-13 - -1 - -1))).
-1
Evaluate -32 + 48 + -23 + (16 - 59).
-50
Evaluate -15 - (-43 - -48 - 60).
40
2 + (-3 - (8 - (-35 + 70)))
26
-121 + 24 + 33 - -10
-54
Evaluate -5 + -11 + 0 + 11 + 74.
69
Evaluate -62 - (47 - 81 - 14).
-14
What is the value of -37 + (-7 - -5) - (-31 - -27) - -11?
-24
7 - (34 - (9 - -33))
15
What is the value of 2278 + -2406 - (-9 - (4 + -8 + 2 - -2))?
-119
What is the value of 15 + (0 - (-11 + (-9 - (11 + -30))))?
16
What is -17 - (24 - (57 + -41))?
-25
What is the value of (3 - -8 - (134 + -110)) + (-4 + 0 - -51)?
34
Calculate -96 + 154 - (5 - -6).
47
What is the value of (11 - -6) + -2 + -62 + 4?
-43
What is 494 - 547 - (0 - -25) - -32?
-46
Evaluate (-1 - 0) + -8 + (47 - (26 - 41) - -4).
57
(20 + 15 + -24 - (-2 - -7)) + (-42 - 0)
-36
Calculate (-23 - 34) + (46 - 25).
-36
(4 - (-3 + (-5 - -44))) + (-47 - -30) + 15
-34
-1 + 10 + 0 + -22 + -1 + -48
-62
What is 44 - (-5 - -49 - 32)?
32
Evaluate 33 + -9 - -14 - -11.
49
What is 0 + 4 + -72 + (3 - (-21 + 20 - 9))?
-55
What is the value of -130 + -28 + 131 - (24 + -3)?
-48
What is -2 - 29 - (-372 + 360) - -43?
24
(56 - (-2 - (-9 + -9))) + 15 - -18
73
Calculate 23 + 7 + -37 + 31 - 152.
-128
What is the value of (2 - -3 - (43 + -61)) + -6?
17
(4 - 1) + -26 + 15 - (-7 + -39)
38
19 - 1 - (2097 - 2186)
107
What is 46 + (-49 + 49 - (-3 - -2))?
47
What is the value of 264 + -189 + (-2 - 0 - (23 - 12 - 4))?
66
-38 + 18 + -48 - (-107 + 112 + 0 + -8)
-65
Evaluate -83 - (73 - (203 + -105)).
-58
Evaluate 59 + -68 + 5 + -28 + 28.
-4
Calculate -56 + 9 - (28 + -66 + 25).
-34
What is the value of -62 + (78 - 21) + -97?
-102
(-95 + -6 - -65) + -31
-67
10 + (-33 - 8) + 14
-17
Calculate 107 + -19 + (-193 - -169).
64
44 + (-14 - -3 - (-11 - -9)) + (35 - 22)
48
What is -56 - (-24 - ((2 - 34) + 11 - -9))?
-44
Evaluate 28 + -36 + (-1 - (1 - 5)) - -24.
19
What is the value of 12 + (1 - 19) + 15 + 15?
24
Calculate 7 + (-10 - (-2 - -2 - (-18 - -25))) - 103.
-99
What is the value of -72 + -1 - (-1044 - -1031)?
-60
What is -67 + 86 + (0 - 4) - 29 - (120 + 0)?
-134
Evaluate 37 + 1 + -2404 + 2398.
32
What is the value of 0 + 2 - -13 - (-23 + 13 + 24)?
1
-116 + -10 + 8 + (-142 - -158) + -8
-110
Evaluate -107 + 67 + (32 - -34).
26
What is 63 - (-27 + 98) - (31 - (2 - (2 + -2)))?
-37
What is (-80 - -161 - 180) + 50?
-49
-2 - (59 - 66 - (4 - (43 + 5)))
-39
Evaluate 17 - (35 - 33) - (8 - 11 - 63).
81
Evaluate -8 - (9 + -11 + -7 + 36).
-35
What is the value of (-18 - (-6 - -8) - -24) + -45?
-41
What is 65 + (-78 - -9 - 52)?
-56
What is the value of (44 - 49 - 3) + 18 + -1 + (0 - -5)?
14
What is the value of -69 + 64 - (-3 + 2 + -3 + 7 - -38)?
-46
Calculate -68 - 29 - -21 - 5 - -4.
-77
1 + -4 + -20 + 10 + 2 + -4 + 3
-12
What is the value of 24 + 14 + -34 + -31 + 115?
88
What is 20 + 17 + -15 - -15 - -13?
50
Calculate -10 + -47 + (21 - 4) - ((-1 - -5) + -9).
-35
Calculate 2 + -49 - (199 + -259 + 66).
-53
What is the value of -44 + 133 + -77 - (-6 - -3 - -36)?
-21
Evaluate -37 - ((2 - (-2 - -15)) + (45 - 40)).
-31
Calculate 6 - (17 - 13) - (1 + -1 + -61) - -8.
71
(-15 - -3) + (-57 - (-4 - 162))
97
Evaluate 10 + 23 + -20 + 22.
35
What is 12 - ((-28 - -14) + 7) - -12?
31
What is -4 - (35 - (11 - 6))?
-34
2 - -3 - ((22 - (-6 + -4 - -20)) + -10)
3
Evaluate (6 - 6) + 0 - (86 - 2) - (-14 + 23).
-93
-2 - 89 - 0 - ((-342 - -356) + 3 + -30)
-78
Evaluate -58 - (-21 + -24 - 6).
-7
What is 3 + -11 + 49 + -38 + (-71 - 1) + -8?
-77
(-29 - -17) + (-3 + 3 - (20 - 10))
-22
Calculate -13 + (233 - 211) + (-9 - 2) + 0.
-2
Calculate (-2 - (8 - (4 - 3))) + (146 - 135) + 72.
74
What is (88 - -89) + -185 - (-2 - 139)?
133
What is the value of 10 + -7 + (-48 - -97) + -8?
44
Evaluate 0 + -1 + -7 + (-66 - -76 - -24).
26
What is the value of 7 + -1 + -46 + -20 + 13 + 6?
-41
Evaluate -2 - 14 - (101 + -131 + 71).
-57
(-1 - 0) + -20 - (168 + -293 - -117)
-13
What is the value of -133 + 57 + 188 - 199?
-87
Calculate 5 + (50 - (69 + -66)).
52
Evaluate -64 + -1 + (-129 + 42 - -108).
-44
Calculate (-9 - (-7 - (-2 + 3)) - -4) + 15.
18
What is (-1 - -64) + 109 + -135?
37
Calculate 3 - (-21 + 1 + (-371 - -329)).
65
What is -54 + 249 + -258 + (-7 - -3 - -21)?
-46
What is 18 + (-63 + -39 - -101)?
17
Calculate -72 + 1 - (19 - 112 - -125).
-103
Evaluate (0 - 14 - (-2 - 0)) + (-25 - -6 - 89).
-120
What is the value of -4 - (36 + (-34 - 45))?
39
Calculate -30 + 6 + 10 + 12 + -26.
-28
What is the value of -19 + (-31 + 76 - 38)?
-12
962 + -939 + (4 - (-4 + 16)) + -1
14
Calculate 13 + ((-1 - (5 - 3)) + 2 - (112 - 119)).
19
What is -4 - (-9 - (3 - 10)) - (33 + -7)?
-28
What is 38 + -51 - -27 - (79 + -2 + 1)?
-64
-33 + (-1 - -1 - ((31 - 5) + (4 - 30)))
-33
-3 - -1 - -3 - 7 - (-112 + 137)
-31
Evaluate 3 - (43 + 34 + -32).
-42
What is -19 + 6 + (12 - 30 - -33)?
2
Evaluate (-72 - -1) + -2466 + 2499.
-38
Evaluate 46 - 4 - (-285 + 274 + 5 + 1).
47
What is the value of -80 - (-7 + (-180 - -65))?
42
Evaluate (15 - (3 - -6)) + -2 + 62 + -21 + 12.
57
What is 10 - (59 - -39) - -121?
33
What is 4 + 0 - (3 + 0 - (-7 + 40 + -22))?
12
Evaluate 243 - 281 - (-17 + 2).
-23
Calculate 3 - (28 + -1